 446?
271
What is the remainder when 22120533 is divided by 4425?
4383
What is the remainder when 17104 is divided by 1094?
694
Calculate the remainder when 847975 is divided by 1588.
1571
Calculate the remainder when 195068 is divided by 97215.
638
What is the remainder when 15630282 is divided by 15?
12
What is the remainder when 1367840 is divided by 461?
53
What is the remainder when 9943540 is divided by 11?
2
What is the remainder when 14349179 is divided by 573965?
54
What is the remainder when 5850017 is divided by 36?
17
What is the remainder when 206547 is divided by 29460?
327
What is the remainder when 788872 is divided by 426?
346
What is the remainder when 18259489 is divided by 4645?
4639
Calculate the remainder when 110760491 is divided by 6.
5
Calculate the remainder when 6672447 is divided by 741383.
0
What is the remainder when 11791898 is divided by 406616?
34
Calculate the remainder when 359705 is divided by 149.
19
Calculate the remainder when 10119000 is divided by 1329.
1323
Calculate the remainder when 2395 is divided by 553.
183
What is the remainder when 6423893 is divided by 2850?
2843
What is the remainder when 346042463 is divided by 1835?
1833
What is the remainder when 216825 is divided by 3241?
2919
Calculate the remainder when 183182 is divided by 1510.
472
What is the remainder when 3344990 is divided by 1000?
990
What is the remainder when 119665 is divided by 620?
5
Calculate the remainder when 65038 is divided by 193.
190
Calculate the remainder when 107374 is divided by 736.
654
Calculate the remainder when 6097005 is divided by 266.
19
Calculate the remainder when 7326238 is divided by 4631.
4627
What is the remainder when 14108 is divided by 4480?
668
Calculate the remainder when 95116 is divided by 622.
572
Calculate the remainder when 98661938 is divided by 20.
18
What is the remainder when 219236 is divided by 12165?
266
Calculate the remainder when 160911 is divided by 16037.
541
What is the remainder when 549352 is divided by 3980?
112
Calculate the remainder when 11329487 is divided by 1322.
1269
Calculate the remainder when 757690 is divided by 13776.
10
What is the remainder when 49029580 is divided by 1059?
1057
Calculate the remainder when 444902 is divided by 44486.
42
Calculate the remainder when 441341 is divided by 3222.
3149
What is the remainder when 3946077 is divided by 32?
29
What is the remainder when 7450 is divided by 37?
13
Calculate the remainder when 691544 is divided by 93.
89
What is the remainder when 271344 is divided by 7100?
1544
What is the remainder when 154002 is divided by 21343?
4601
Calculate the remainder when 7492607 is divided by 206.
181
What is the remainder when 2778286 is divided by 53?
26
Calculate the remainder when 61448 is divided by 20277.
617
Calculate the remainder when 14494217 is divided by 7247107.
3
Calculate the remainder when 12629456 is divided by 961.
955
What is the remainder when 93724 is divided by 901?
20
What is the remainder when 1030092 is divided by 1649?
1116
What is the remainder when 320194 is divided by 1635?
1369
What is the remainder when 9300502 is divided by 10?
2
What is the remainder when 10122938 is divided by 1?
0
What is the remainder when 184876228 is divided by 1473?
1471
What is the remainder when 1936223 is divided by 52?
3
Calculate the remainder when 3466256 is divided by 655.
651
What is the remainder when 2640747 is divided by 188?
99
Calculate the remainder when 51529 is divided by 242.
225
Calculate the remainder when 1100876 is divided by 68792.
204
Calculate the remainder when 108827 is divided by 54244.
339
What is the remainder when 843613 is divided by 168668?
273
What is the remainder when 1939902 is divided by 323314?
18
What is the remainder when 36882531 is divided by 57?
54
Calculate the remainder when 2013339 is divided by 54384.
1131
Calculate the remainder when 57165 is divided by 11428.
25
What is the remainder when 9781070 is divided by 1454?
12
Calculate the remainder when 1434335 is divided by 75490.
25
Calculate the remainder when 38501915 is divided by 489.
11
What is the remainder when 752926 is divided by 154?
20
What is the remainder when 4417834 is divided by 5155?
5154
What is the remainder when 645506 is divided by 965?
886
Calculate the remainder when 10014976 is divided by 1203.
1
What is the remainder when 7232239 is divided by 384?
367
What is the remainder when 14078254 is divided by 482?
480
What is the remainder when 214200 is divided by 7637?
364
Calculate the remainder when 4174309 is divided by 1043494.
333
What is the remainder when 30234492 is divided by 83?
82
Calculate the remainder when 377118 is divided by 94236.
174
What is the remainder when 24196396 is divided by 22077?
4
Calculate the remainder when 245727 is divided by 2724.
567
Calculate the remainder when 31240453 is divided by 157780.
13
What is the remainder when 3747603 is divided by 2454?
345
What is the remainder when 3339460 is divided by 14?
12
Calculate the remainder when 368928 is divided by 13175.
28
Calculate the remainder when 57598370 is divided by 62.
60
Calculate the remainder when 404880 is divided by 5139.
4038
Calculate the remainder when 1689446 is divided by 1343.
1295
What is the remainder when 10816294 is divided by 19?
12
What is the remainder when 795131 is divided by 132521?
5
Calculate the remainder when 262760964 is divided by 237.
12
Calculate the remainder when 968075 is divided by 8.
3
What is the remainder when 70219 is divided by 6972?
499
Calculate the remainder when 501224 is divided by 520.
464
Calculate the remainder when 6434949 is divided by 267.
249
What is the remainder when 42006 is divided by 41946?
60
What is the remainder when 59846149 is divided by 7?
6
What is the remainder when 9756936 is divided by 6969?
336
Calculate the remainder when 19965283 is divided by 9982544.
195
What is the remainder when 1625671 is divided by 1132?
119
Calculate the remainder when 71336096 is divided by 177.
140
Calculate the remainder when 448400 is divided by 2891.
295
Calculate the remainder when 550481 is divided by 954.
23
Calculate the remainder when 361650 is divided by 517.
267
What is the remainder when 3274922 is divided by 95?
82
What is the remainder when 3050785 is divided by 106?
105
Calculate the remainder when 11838 is divided by 3919.
81
Calculate the remainder when 101792 is divided by 20259.
497
Calculate the remainder when 1967819 is divided by 16675.
169
Calculate the remainder when 18769528 is divided by 298.
296
Calculate the remainder when 2878730 is divided by 541.
69
Calculate the remainder when 1055206 is divided by 351729.
19
Calculate the remainder when 2536432 is divided by 164.
8
What is the remainder when 929958 is divided by 7748?
198
What is the remainder when 5181403 is divided by 81?
76
Calculate the remainder when 5902868 is divided by 337.
313
What is the remainder when 291969 is divided by 13?
2
Calculate the remainder when 438728 is divided by 4070.
3238
Calculate the remainder when 6606943 is divided by 10.
3
What is the remainder when 55830717 is divided by 330?
327
What is the remainder when 1440025 is divided by 387?
385
What is the remainder when 546292410 is divided by 2252?
2250
What is the remainder when 213834 is divided by 1215?
1209
Calculate the remainder when 289779 is divided by 2130.
99
Calculate the remainder when 351932 is divided by 2476.
340
Calculate the remainder when 117510 is divided by 10825.
9260
What is the remainder when 4977071 is divided by 68?
15
Calculate the remainder when 28190155 is divided by 1684.
1679
Calculate the remainder when 675074598 is divided by 337537294.
10
What is the remainder when 2065743 is divided by 36?
27
What is the remainder when 1112302 is divided by 7833?
16
What is the remainder when 29337 is divided by 3198?
555
Calculate the remainder when 133163114 is divided by 69.
14
What is the remainder when 5099410 is divided by 928?
50
What is the remainder when 1036694 is divided by 344740?
2474
What is the remainder when 221088 is divided by 110249?
590
Calculate the remainder when 6965441 is divided by 497.
483
What is the remainder when 231570 is divided by 25723?
63
What is the remainder when 1